{"id":865,"date":"2020-07-09T14:43:47","date_gmt":"2020-07-09T14:43:47","guid":{"rendered":"https:\/\/cirqsantrick.com\/?page_id=865"},"modified":"2020-09-09T17:19:21","modified_gmt":"2020-09-09T17:19:21","slug":"ecoles-sdg","status":"publish","type":"page","link":"https:\/\/cirqsantrick.com\/index.php\/ecoles-sdg\/","title":{"rendered":"\u00c9coles \/ SDG"},"content":{"rendered":"\t\t<div data-elementor-type=\"wp-page\" data-elementor-id=\"865\" class=\"elementor elementor-865\" data-elementor-settings=\"[]\">\n\t\t\t<div class=\"elementor-inner\">\n\t\t\t\t<div class=\"elementor-section-wrap\">\n\t\t\t\t\t\t\t<section class=\"elementor-element elementor-element-6d3d6518 elementor-section-boxed elementor-section-height-default elementor-section-height-default elementor-section elementor-top-section\" data-id=\"6d3d6518\" data-element_type=\"section\" data-settings=\"{&quot;background_background&quot;:&quot;classic&quot;}\">\n\t\t\t\t\t\t<div class=\"elementor-container elementor-column-gap-default\">\n\t\t\t\t<div class=\"elementor-row\">\n\t\t\t\t<div class=\"elementor-element elementor-element-1835fb39 elementor-column elementor-col-20 elementor-top-column\" data-id=\"1835fb39\" data-element_type=\"column\">\n\t\t\t<div class=\"elementor-column-wrap\">\n\t\t\t\t\t<div class=\"elementor-widget-wrap\">\n\t\t\t\t\t\t<\/div>\n\t\t\t<\/div>\n\t\t<\/div>\n\t\t\t\t<div class=\"elementor-element elementor-element-524a99d3 elementor-column elementor-col-20 elementor-top-column\" data-id=\"524a99d3\" data-element_type=\"column\">\n\t\t\t<div class=\"elementor-column-wrap  elementor-element-populated\">\n\t\t\t\t\t<div class=\"elementor-widget-wrap\">\n\t\t\t\t<div class=\"elementor-element elementor-element-44dedc37 elementor-widget elementor-widget-image\" data-id=\"44dedc37\" data-element_type=\"widget\" data-widget_type=\"image.default\">\n\t\t\t\t<div class=\"elementor-widget-container\">\n\t\t\t\t\t<div class=\"elementor-image\">\n\t\t\t\t\t\t\t\t\t\t<img loading=\"lazy\" decoding=\"async\" width=\"150\" height=\"150\" src=\"https:\/\/cirqsantrick.com\/wp-content\/uploads\/2020\/06\/Capture-de\u0301cran-2020-07-08-18.20.29-150x150.png\" class=\"attachment-thumbnail size-thumbnail\" alt=\"\" srcset=\"https:\/\/cirqsantrick.com\/wp-content\/uploads\/2020\/06\/Capture-de\u0301cran-2020-07-08-18.20.29-150x150.png 150w, https:\/\/cirqsantrick.com\/wp-content\/uploads\/2020\/06\/Capture-de\u0301cran-2020-07-08-18.20.29-100x100.png 100w\" sizes=\"auto, (max-width: 150px) 100vw, 150px\" \/>\t\t\t\t\t\t\t\t\t\t\t<\/div>\n\t\t\t\t<\/div>\n\t\t\t\t<\/div>\n\t\t\t\t\t\t<\/div>\n\t\t\t<\/div>\n\t\t<\/div>\n\t\t\t\t<div class=\"elementor-element elementor-element-41cfe6d1 elementor-column elementor-col-20 elementor-top-column\" data-id=\"41cfe6d1\" data-element_type=\"column\">\n\t\t\t<div class=\"elementor-column-wrap  elementor-element-populated\">\n\t\t\t\t\t<div class=\"elementor-widget-wrap\">\n\t\t\t\t<div class=\"elementor-element elementor-element-39409a76 elementor-widget elementor-widget-heading\" data-id=\"39409a76\" data-element_type=\"widget\" data-widget_type=\"heading.default\">\n\t\t\t\t<div class=\"elementor-widget-container\">\n\t\t\t<h1 class=\"elementor-heading-title elementor-size-default\">CIRQSANTRICK<\/h1>\t\t<\/div>\n\t\t\t\t<\/div>\n\t\t\t\t<div class=\"elementor-element elementor-element-0290381 elementor-widget elementor-widget-heading\" data-id=\"0290381\" data-element_type=\"widget\" data-widget_type=\"heading.default\">\n\t\t\t\t<div class=\"elementor-widget-container\">\n\t\t\t<h1 class=\"elementor-heading-title elementor-size-default\">Information:<\/h1>\t\t<\/div>\n\t\t\t\t<\/div>\n\t\t\t\t<div class=\"elementor-element elementor-element-6278a52f elementor-widget elementor-widget-text-editor\" data-id=\"6278a52f\" data-element_type=\"widget\" data-widget_type=\"text-editor.default\">\n\t\t\t\t<div class=\"elementor-widget-container\">\n\t\t\t\t\t<div class=\"elementor-text-editor elementor-clearfix\"><p><strong>819-668-0638<\/strong><\/p><\/div>\n\t\t\t\t<\/div>\n\t\t\t\t<\/div>\n\t\t\t\t<div class=\"elementor-element elementor-element-9134c62 elementor-widget elementor-widget-text-editor\" data-id=\"9134c62\" data-element_type=\"widget\" data-widget_type=\"text-editor.default\">\n\t\t\t\t<div class=\"elementor-widget-container\">\n\t\t\t\t\t<div class=\"elementor-text-editor elementor-clearfix\"><p><strong><a href=\"mailto:info@cirqsantrick.com\">info@cirqsantrick.com<\/a><\/strong><\/p><\/div>\n\t\t\t\t<\/div>\n\t\t\t\t<\/div>\n\t\t\t\t\t\t<\/div>\n\t\t\t<\/div>\n\t\t<\/div>\n\t\t\t\t<div class=\"elementor-element elementor-element-eea9d0e elementor-column elementor-col-20 elementor-top-column\" data-id=\"eea9d0e\" data-element_type=\"column\">\n\t\t\t<div class=\"elementor-column-wrap  elementor-element-populated\">\n\t\t\t\t\t<div class=\"elementor-widget-wrap\">\n\t\t\t\t<div class=\"elementor-element elementor-element-3b7df1d1 elementor-widget elementor-widget-image\" data-id=\"3b7df1d1\" data-element_type=\"widget\" data-widget_type=\"image.default\">\n\t\t\t\t<div class=\"elementor-widget-container\">\n\t\t\t\t\t<div class=\"elementor-image\">\n\t\t\t\t\t\t\t\t\t\t\t<a href=\"http:\/\/www.cirqsantrick.com\">\n\t\t\t\t\t\t\t<img loading=\"lazy\" decoding=\"async\" width=\"287\" height=\"287\" src=\"https:\/\/cirqsantrick.com\/wp-content\/uploads\/2020\/06\/LogoCirqsantrick.jpg\" class=\"attachment-medium size-medium\" alt=\"\" srcset=\"https:\/\/cirqsantrick.com\/wp-content\/uploads\/2020\/06\/LogoCirqsantrick.jpg 287w, https:\/\/cirqsantrick.com\/wp-content\/uploads\/2020\/06\/LogoCirqsantrick-100x100.jpg 100w, https:\/\/cirqsantrick.com\/wp-content\/uploads\/2020\/06\/LogoCirqsantrick-150x150.jpg 150w\" sizes=\"auto, (max-width: 287px) 100vw, 287px\" \/>\t\t\t\t\t\t\t\t<\/a>\n\t\t\t\t\t\t\t\t\t\t\t<\/div>\n\t\t\t\t<\/div>\n\t\t\t\t<\/div>\n\t\t\t\t\t\t<\/div>\n\t\t\t<\/div>\n\t\t<\/div>\n\t\t\t\t<div class=\"elementor-element elementor-element-466d0990 elementor-column elementor-col-20 elementor-top-column\" data-id=\"466d0990\" data-element_type=\"column\">\n\t\t\t<div class=\"elementor-column-wrap\">\n\t\t\t\t\t<div class=\"elementor-widget-wrap\">\n\t\t\t\t\t\t<\/div>\n\t\t\t<\/div>\n\t\t<\/div>\n\t\t\t\t\t\t<\/div>\n\t\t\t<\/div>\n\t\t<\/section>\n\t\t\t\t<section class=\"elementor-element elementor-element-0f4aea7 elementor-section-boxed elementor-section-height-default elementor-section-height-default elementor-section elementor-top-section\" data-id=\"0f4aea7\" data-element_type=\"section\" data-settings=\"{&quot;background_background&quot;:&quot;classic&quot;}\">\n\t\t\t\t\t\t<div class=\"elementor-container elementor-column-gap-default\">\n\t\t\t\t<div class=\"elementor-row\">\n\t\t\t\t<div class=\"elementor-element elementor-element-89a635e elementor-column elementor-col-100 elementor-top-column\" data-id=\"89a635e\" data-element_type=\"column\">\n\t\t\t<div class=\"elementor-column-wrap  elementor-element-populated\">\n\t\t\t\t\t<div class=\"elementor-widget-wrap\">\n\t\t\t\t<div class=\"elementor-element elementor-element-aa5dd7e elementor-widget elementor-widget-text-editor\" data-id=\"aa5dd7e\" data-element_type=\"widget\" data-widget_type=\"text-editor.default\">\n\t\t\t\t<div class=\"elementor-widget-container\">\n\t\t\t\t\t<div class=\"elementor-text-editor elementor-clearfix\"><div id=\"WRchTxtb\" class=\"txtNew\" data-packed=\"false\" data-vertical-text=\"false\"><p class=\"font_2\"><strong><span class=\"color_25\">CONCEPT D\u2019ATELIER<\/span><\/strong><br \/><span class=\"color_25\">Je vous propose de choisir parmi les activit\u00e9s suivantes afin de cr\u00e9er une journ\u00e9e personnalis\u00e9e selon vos attentes et vos besoins. Pour chaque concept les activit\u00e9s sont ajust\u00e9es en fonction de l\u2019\u00e2ge des participants et du nombre d\u2019enfants. Il est possible d\u2019organiser une demi-journ\u00e9e ou une journ\u00e9e compl\u00e8te d\u2019animation.<\/span><\/p><\/div><\/div>\n\t\t\t\t<\/div>\n\t\t\t\t<\/div>\n\t\t\t\t\t\t<\/div>\n\t\t\t<\/div>\n\t\t<\/div>\n\t\t\t\t\t\t<\/div>\n\t\t\t<\/div>\n\t\t<\/section>\n\t\t\t\t<section class=\"elementor-element elementor-element-61e49ad elementor-section-boxed elementor-section-height-default elementor-section-height-default elementor-section elementor-top-section\" data-id=\"61e49ad\" data-element_type=\"section\" data-settings=\"{&quot;background_background&quot;:&quot;classic&quot;}\">\n\t\t\t\t\t\t<div class=\"elementor-container elementor-column-gap-default\">\n\t\t\t\t<div class=\"elementor-row\">\n\t\t\t\t<div class=\"elementor-element elementor-element-5850e23 elementor-column elementor-col-50 elementor-top-column\" data-id=\"5850e23\" data-element_type=\"column\">\n\t\t\t<div class=\"elementor-column-wrap  elementor-element-populated\">\n\t\t\t\t\t<div class=\"elementor-widget-wrap\">\n\t\t\t\t<div class=\"elementor-element elementor-element-50a5ab6 elementor-widget elementor-widget-image\" data-id=\"50a5ab6\" data-element_type=\"widget\" data-widget_type=\"image.default\">\n\t\t\t\t<div class=\"elementor-widget-container\">\n\t\t\t\t\t<div class=\"elementor-image\">\n\t\t\t\t\t\t\t\t\t\t<img loading=\"lazy\" decoding=\"async\" width=\"226\" height=\"192\" src=\"https:\/\/cirqsantrick.com\/wp-content\/uploads\/2020\/07\/batons-fabriquee\u0301.png\" class=\"attachment-large size-large\" alt=\"\" \/>\t\t\t\t\t\t\t\t\t\t\t<\/div>\n\t\t\t\t<\/div>\n\t\t\t\t<\/div>\n\t\t\t\t\t\t<\/div>\n\t\t\t<\/div>\n\t\t<\/div>\n\t\t\t\t<div class=\"elementor-element elementor-element-c27299b elementor-column elementor-col-50 elementor-top-column\" data-id=\"c27299b\" data-element_type=\"column\">\n\t\t\t<div class=\"elementor-column-wrap  elementor-element-populated\">\n\t\t\t\t\t<div class=\"elementor-widget-wrap\">\n\t\t\t\t<div class=\"elementor-element elementor-element-fd10a44 elementor-widget elementor-widget-text-editor\" data-id=\"fd10a44\" data-element_type=\"widget\" data-widget_type=\"text-editor.default\">\n\t\t\t\t<div class=\"elementor-widget-container\">\n\t\t\t\t\t<div class=\"elementor-text-editor elementor-clearfix\"><div id=\"WRchTxtb\" class=\"txtNew\" data-packed=\"false\" data-vertical-text=\"false\"><p class=\"font_5\"><strong>FABRICATION DE B\u00c2TONS DE FLEURS<br \/><\/strong><\/p><ul><li class=\"font_5\">D\u00e9monstration\u00a0 de Patchouko<\/li><li>Ateliers de fabrication de b\u00e2tons de fleurs<\/li><li>Ateliers de cirque et de b\u00e2tons fleurs<\/li><li>Spectacle d\u00e9monstration des enfants.<\/li><\/ul><\/div><\/div>\n\t\t\t\t<\/div>\n\t\t\t\t<\/div>\n\t\t\t\t\t\t<\/div>\n\t\t\t<\/div>\n\t\t<\/div>\n\t\t\t\t\t\t<\/div>\n\t\t\t<\/div>\n\t\t<\/section>\n\t\t\t\t<section class=\"elementor-element elementor-element-7fd2032 elementor-section-boxed elementor-section-height-default elementor-section-height-default elementor-section elementor-top-section\" data-id=\"7fd2032\" data-element_type=\"section\" data-settings=\"{&quot;background_background&quot;:&quot;classic&quot;}\">\n\t\t\t\t\t\t<div class=\"elementor-container elementor-column-gap-default\">\n\t\t\t\t<div class=\"elementor-row\">\n\t\t\t\t<div class=\"elementor-element elementor-element-0a3ae59 elementor-column elementor-col-50 elementor-top-column\" data-id=\"0a3ae59\" data-element_type=\"column\">\n\t\t\t<div class=\"elementor-column-wrap  elementor-element-populated\">\n\t\t\t\t\t<div class=\"elementor-widget-wrap\">\n\t\t\t\t<div class=\"elementor-element elementor-element-dd1760d elementor-widget elementor-widget-image\" data-id=\"dd1760d\" data-element_type=\"widget\" data-widget_type=\"image.default\">\n\t\t\t\t<div class=\"elementor-widget-container\">\n\t\t\t\t\t<div class=\"elementor-image\">\n\t\t\t\t\t\t\t\t\t\t<img loading=\"lazy\" decoding=\"async\" width=\"231\" height=\"192\" src=\"https:\/\/cirqsantrick.com\/wp-content\/uploads\/2020\/07\/Capture-de\u0301cran-2020-07-09-16.31.09.png\" class=\"attachment-large size-large\" alt=\"\" \/>\t\t\t\t\t\t\t\t\t\t\t<\/div>\n\t\t\t\t<\/div>\n\t\t\t\t<\/div>\n\t\t\t\t\t\t<\/div>\n\t\t\t<\/div>\n\t\t<\/div>\n\t\t\t\t<div class=\"elementor-element elementor-element-c87aef9 elementor-column elementor-col-50 elementor-top-column\" data-id=\"c87aef9\" data-element_type=\"column\">\n\t\t\t<div class=\"elementor-column-wrap  elementor-element-populated\">\n\t\t\t\t\t<div class=\"elementor-widget-wrap\">\n\t\t\t\t<div class=\"elementor-element elementor-element-dc20d4e elementor-widget elementor-widget-text-editor\" data-id=\"dc20d4e\" data-element_type=\"widget\" data-widget_type=\"text-editor.default\">\n\t\t\t\t<div class=\"elementor-widget-container\">\n\t\t\t\t\t<div class=\"elementor-text-editor elementor-clearfix\"><div id=\"WRchTxtb\" class=\"txtNew\" data-packed=\"false\" data-vertical-text=\"false\"><p class=\"font_2\"><strong><span class=\"color_25\">JOURN\u00c9E DE CIRQUE CLOWNESQUE<\/span><\/strong><\/p><ul><li class=\"font_5\">Spectacle clownesque de Patchouko<\/li><li>Ateliers de cirque, de clown et de sculpture de ballons<\/li><li>Spectacle d\u00e9monstration des enfants<\/li><\/ul><p>* <em>Un grand d\u00e9cor de cirque est install\u00e9 dans le gymnase pour le plus grand plaisir des enfants.<\/em><\/p><\/div><\/div>\n\t\t\t\t<\/div>\n\t\t\t\t<\/div>\n\t\t\t\t\t\t<\/div>\n\t\t\t<\/div>\n\t\t<\/div>\n\t\t\t\t\t\t<\/div>\n\t\t\t<\/div>\n\t\t<\/section>\n\t\t\t\t<section class=\"elementor-element elementor-element-2ca903a elementor-section-boxed elementor-section-height-default elementor-section-height-default elementor-section elementor-top-section\" data-id=\"2ca903a\" data-element_type=\"section\" data-settings=\"{&quot;background_background&quot;:&quot;classic&quot;}\">\n\t\t\t\t\t\t<div class=\"elementor-container elementor-column-gap-default\">\n\t\t\t\t<div class=\"elementor-row\">\n\t\t\t\t<div class=\"elementor-element elementor-element-ce1b4c6 elementor-column elementor-col-50 elementor-top-column\" data-id=\"ce1b4c6\" data-element_type=\"column\">\n\t\t\t<div class=\"elementor-column-wrap  elementor-element-populated\">\n\t\t\t\t\t<div class=\"elementor-widget-wrap\">\n\t\t\t\t<div class=\"elementor-element elementor-element-8ee3441 elementor-widget elementor-widget-image\" data-id=\"8ee3441\" data-element_type=\"widget\" data-widget_type=\"image.default\">\n\t\t\t\t<div class=\"elementor-widget-container\">\n\t\t\t\t\t<div class=\"elementor-image\">\n\t\t\t\t\t\t\t\t\t\t<img loading=\"lazy\" decoding=\"async\" width=\"285\" height=\"179\" src=\"https:\/\/cirqsantrick.com\/wp-content\/uploads\/2020\/07\/Capture-de\u0301cran-2020-07-09-16.30.24.png\" class=\"attachment-large size-large\" alt=\"\" \/>\t\t\t\t\t\t\t\t\t\t\t<\/div>\n\t\t\t\t<\/div>\n\t\t\t\t<\/div>\n\t\t\t\t\t\t<\/div>\n\t\t\t<\/div>\n\t\t<\/div>\n\t\t\t\t<div class=\"elementor-element elementor-element-3a1bf8a elementor-column elementor-col-50 elementor-top-column\" data-id=\"3a1bf8a\" data-element_type=\"column\">\n\t\t\t<div class=\"elementor-column-wrap  elementor-element-populated\">\n\t\t\t\t\t<div class=\"elementor-widget-wrap\">\n\t\t\t\t<div class=\"elementor-element elementor-element-be51284 elementor-widget elementor-widget-text-editor\" data-id=\"be51284\" data-element_type=\"widget\" data-widget_type=\"text-editor.default\">\n\t\t\t\t<div class=\"elementor-widget-container\">\n\t\t\t\t\t<div class=\"elementor-text-editor elementor-clearfix\"><div id=\"WRchTxtb\" class=\"txtNew\" data-packed=\"false\" data-vertical-text=\"false\"><p class=\"font_5\"><strong>JOURN\u00c9E CIRQUE ET MAGIE<br \/><\/strong><\/p><ul><li class=\"font_5\">Spectacle magique de Patchouko<\/li><li>Ateliers Cirque et Magie<\/li><li>Spectacle d\u00e9monstration des enfants<\/li><\/ul><p>* <em>Un grand d\u00e9cor de cirque est install\u00e9 dans le gymnase pour le plus grand plaisir des enfants.<\/em><\/p><\/div><\/div>\n\t\t\t\t<\/div>\n\t\t\t\t<\/div>\n\t\t\t\t\t\t<\/div>\n\t\t\t<\/div>\n\t\t<\/div>\n\t\t\t\t\t\t<\/div>\n\t\t\t<\/div>\n\t\t<\/section>\n\t\t\t\t\t\t<\/div>\n\t\t\t<\/div>\n\t\t<\/div>\n\t\t","protected":false},"excerpt":{"rendered":"<p>CIRQSANTRICK Information: 819-668-0638 info@cirqsantrick.com CONCEPT D\u2019ATELIERJe vous propose de choisir parmi les activit\u00e9s suivantes afin de cr\u00e9er une journ\u00e9e personnalis\u00e9e selon vos attentes et vos besoins. Pour chaque concept les activit\u00e9s sont ajust\u00e9es en fonction de l\u2019\u00e2ge des participants et du nombre d\u2019enfants. Il est possible d\u2019organiser une demi-journ\u00e9e ou une journ\u00e9e compl\u00e8te d\u2019animation. FABRICATION [&hellip;]<\/p>\n","protected":false},"author":1,"featured_media":0,"parent":0,"menu_order":0,"comment_status":"closed","ping_status":"closed","template":"","meta":{"footnotes":""},"class_list":["post-865","page","type-page","status-publish","hentry","entry","owp-thumbs-layout-horizontal","owp-btn-normal","owp-tabs-layout-horizontal","has-no-thumbnails"],"_links":{"self":[{"href":"https:\/\/cirqsantrick.com\/index.php\/wp-json\/wp\/v2\/pages\/865","targetHints":{"allow":["GET"]}}],"collection":[{"href":"https:\/\/cirqsantrick.com\/index.php\/wp-json\/wp\/v2\/pages"}],"about":[{"href":"https:\/\/cirqsantrick.com\/index.php\/wp-json\/wp\/v2\/types\/page"}],"author":[{"embeddable":true,"href":"https:\/\/cirqsantrick.com\/index.php\/wp-json\/wp\/v2\/users\/1"}],"replies":[{"embeddable":true,"href":"https:\/\/cirqsantrick.com\/index.php\/wp-json\/wp\/v2\/comments?post=865"}],"version-history":[{"count":19,"href":"https:\/\/cirqsantrick.com\/index.php\/wp-json\/wp\/v2\/pages\/865\/revisions"}],"predecessor-version":[{"id":1536,"href":"https:\/\/cirqsantrick.com\/index.php\/wp-json\/wp\/v2\/pages\/865\/revisions\/1536"}],"wp:attachment":[{"href":"https:\/\/cirqsantrick.com\/index.php\/wp-json\/wp\/v2\/media?parent=865"}],"curies":[{"name":"wp","href":"https:\/\/api.w.org\/{rel}","templated":true}]}}